{"id":2,"date":"2026-05-17T17:48:43","date_gmt":"2026-05-17T17:48:43","guid":{"rendered":"http:\/\/demo2.richplugins.com\/?page_id=2"},"modified":"2026-05-17T21:07:32","modified_gmt":"2026-05-17T21:07:32","slug":"sample-page","status":"publish","type":"page","link":"https:\/\/demo2.richplugins.com\/index.php\/sample-page\/","title":{"rendered":"Sample Page"},"content":{"rendered":"\n<p>This is an example page. It&#8217;s different from a blog post because it will stay in one place and will show up in your site navigation (in most themes). Most people start with an About page that introduces them to potential site visitors. It might say something like this:<\/p>\n\n\n<div class=\"wp-gr rpi wpac\" data-id=\"15\" data-layout=\"slider\" data-exec=\"false\" data-options='{&quot;text_size&quot;:&quot;&quot;,&quot;trans&quot;:{&quot;read more&quot;:&quot;read more&quot;}}'><svg xmlns=\"http:\/\/www.w3.org\/2000\/svg\" style=\"display:none!important\"><symbol id=\"grw-tripadvisor\" viewBox=\"0 0 713.496 713.496\"><g><circle fill=\"#34E0A1\" cx=\"356.749\" cy=\"356.748\" r=\"356.748\"\/><path d=\"M577.095,287.152l43.049-46.836h-95.465c-47.792-32.646-105.51-51.659-167.931-51.659   c-62.342,0-119.899,19.054-167.612,51.659H93.432l43.049,46.836c-26.387,24.075-42.929,58.754-42.929,97.259   c0,72.665,58.914,131.578,131.579,131.578c34.519,0,65.968-13.313,89.446-35.077l42.172,45.919l42.172-45.879   c23.478,21.764,54.887,35.037,89.406,35.037c72.665,0,131.658-58.913,131.658-131.578   C620.024,345.866,603.483,311.188,577.095,287.152z M225.17,473.458c-49.188,0-89.047-39.859-89.047-89.047   s39.86-89.048,89.047-89.048c49.187,0,89.047,39.86,89.047,89.048S274.357,473.458,225.17,473.458z M356.788,381.82   c0-58.595-42.61-108.898-98.853-130.383c30.413-12.716,63.776-19.771,98.813-19.771s68.439,7.055,98.853,19.771   C399.399,272.962,356.788,323.226,356.788,381.82z M488.367,473.458c-49.188,0-89.048-39.859-89.048-89.047   s39.86-89.048,89.048-89.048s89.047,39.86,89.047,89.048S537.554,473.458,488.367,473.458z M488.367,337.694   c-25.79,0-46.677,20.887-46.677,46.677c0,25.789,20.887,46.676,46.677,46.676c25.789,0,46.676-20.887,46.676-46.676   C535.042,358.621,514.156,337.694,488.367,337.694z M271.846,384.411c0,25.789-20.887,46.676-46.676,46.676   s-46.676-20.887-46.676-46.676c0-25.79,20.887-46.677,46.676-46.677C250.959,337.694,271.846,358.621,271.846,384.411z\"\/><\/g><\/symbol><symbol id=\"grw-google\" viewBox=\"0 0 512 512\"><g fill=\"none\" fill-rule=\"evenodd\"><path d=\"M482.56 261.36c0-16.73-1.5-32.83-4.29-48.27H256v91.29h127.01c-5.47 29.5-22.1 54.49-47.09 71.23v59.21h76.27c44.63-41.09 70.37-101.59 70.37-173.46z\" fill=\"#4285f4\"\/><path d=\"M256 492c63.72 0 117.14-21.13 156.19-57.18l-76.27-59.21c-21.13 14.16-48.17 22.53-79.92 22.53-61.47 0-113.49-41.51-132.05-97.3H45.1v61.15c38.83 77.13 118.64 130.01 210.9 130.01z\" fill=\"#34a853\"\/><path d=\"M123.95 300.84c-4.72-14.16-7.4-29.29-7.4-44.84s2.68-30.68 7.4-44.84V150.01H45.1C29.12 181.87 20 217.92 20 256c0 38.08 9.12 74.13 25.1 105.99l78.85-61.15z\" fill=\"#fbbc05\"\/><path d=\"M256 113.86c34.65 0 65.76 11.91 90.22 35.29l67.69-67.69C373.03 43.39 319.61 20 256 20c-92.25 0-172.07 52.89-210.9 130.01l78.85 61.15c18.56-55.78 70.59-97.3 132.05-97.3z\" fill=\"#ea4335\"\/><path d=\"M20 20h472v472H20V20z\"\/><\/g><\/symbol><\/svg><div class=\"grw-row grw-row-m\" data-options='{\"speed\":3,\"autoplay\":true,\"mousestop\":true,\"breakpoints\":\"\"}'><div class=\"grw-header\"><div class=\"grw-header-inner rpi-flx rpi-row12\"><div class=\"grw-img-wrap\"><img decoding=\"async\" class=\"grw-img\" src=\"http:\/\/demo2.richplugins.com\/wp-content\/uploads\/2026\/05\/ChIJpXC0ZYo5Yg0RAZD0Ml4kbz0.jpg\" loading=\"lazy\" alt=\"Restaurante KFC place picture\" width=\"50\" height=\"50\" onerror=\"if(this.src!='data:image\/gif;base64,R0lGODlhAQABAIAAAAAAAP\/\/\/yH5BAEAAAAALAAAAAABAAEAAAIBRAA7')this.src='data:image\/gif;base64,R0lGODlhAQABAIAAAAAAAP\/\/\/yH5BAEAAAAALAAAAAABAAEAAAIBRAA7';\" ><\/div><div class=\"rpi-flx rpi-col8\"><div class=\"wp-google-name\"><a href=\"https:\/\/maps.google.com\/?cid=4426796945728901121&#038;g_mp=CiVnb29nbGUubWFwcy5wbGFjZXMudjEuUGxhY2VzLkdldFBsYWNlEAIYBCAA\" target=\"_blank\" rel=\"nofollow noopener\">Restaurante KFC<\/a><\/div><span class=\"rpi-stars\" style=\"--rating:3.8\">3.8<\/span><div class=\"wp-google-based\">Based on 2829 reviews<\/div><div class=\"wp-google-powered\">powered by <span><span style=\"color:#3c6df0!important\">G<\/span><span style=\"color:#d93025!important\">o<\/span><span style=\"color:#fb8e28!important\">o<\/span><span style=\"color:#3c6df0!important\">g<\/span><span style=\"color:#188038!important\">l<\/span><span style=\"color:#d93025!important\">e<\/span><\/span><\/div><div class=\"wp-google-wr\"><a href=\"https:\/\/search.google.com\/local\/writereview?placeid=ChIJpXC0ZYo5Yg0RAZD0Ml4kbz0\" target=\"_blank\" rel=\"nofollow noopener\" onclick=\"return rplg_leave_review_window.call(this)\">review us on<svg height=\"16\" width=\"16\" role=\"none\"><use href=\"#grw-google\"><\/use><\/svg><\/a><\/div><\/div><\/div><\/div><div class=\"rpi-slides-root grw-content\"><div class=\"grw-content-inner\"><button class=\"rpi-ltgt rpi-lt grw-prev\" tabindex=\"0\"><\/button><div class=\"rpi-slides grw-reviews rpi-slides-bite\" data-count=\"5\" data-offset=\"5\"><div class=\"rpi-slide grw-review\"><div class=\"rpi-flx rpi-col12 grw-review-inner grw-backgnd grw-round\"><div class=\"rpi-flx rpi-row12-center\"><div class=\"grw-img-wrap\"><img decoding=\"async\" class=\"grw-img\" src=\"http:\/\/demo2.richplugins.com\/wp-content\/uploads\/2026\/05\/ChIJpXC0ZYo5Yg0RAZD0Ml4kbz0_58c1e0dcea69782777af8c599ffd6edf.jpg\" loading=\"lazy\" alt=\"Paco Esparcia profile picture\" width=\"50\" height=\"50\" onerror=\"if(this.src!='https:\/\/demo2.richplugins.com\/wp-content\/plugins\/trunk\/assets\/img\/guest.png')this.src='https:\/\/demo2.richplugins.com\/wp-content\/plugins\/trunk\/assets\/img\/guest.png';\" ><\/div><div class=\"rpi-flx rpi-col6\"><a href=\"https:\/\/www.google.com\/maps\/contrib\/101522220525858728896\/reviews\" class=\"wp-google-name\" target=\"_blank\" rel=\"nofollow noopener\">Paco Esparcia<\/a><div class=\"wp-google-time\" data-time=\"1770401146\">18:05 06 Feb 26<\/div><\/div><\/div><span class=\"rpi-stars\" style=\"--rating:5\"><\/span><div class=\"rpi-flx rpi-col4\"><div class=\"wp-google-feedback grw-scroll\" ><span class=\"wp-google-text\">Fui el mi\u00e9rcoles a comer y vi a nayara una chica encantadora,se preocupaba por la atenci\u00f3n al cliente, era r\u00e1pida en los pedidos y es un encanto! Suelo ir varias veces pero nunca me encontr\u00e9 con nayara, se ve que la chica lleva poco porque la conoc\u00ed por primera vez y que bien han hecho en ficharle! Personas as\u00ed valen la pena, trabajadora y encantadora, quedan poco en el mundo de hosteler\u00eda como ella! La comida est\u00e1 bien como siempre y el restaurante limpito, una vez m\u00e1s, gracias nayara, volver\u00e9 para verte!!!<\/span><\/div><\/div><svg height=\"16\" width=\"16\" role=\"none\"><use href=\"#grw-google\"\/><\/svg><\/div><\/div><div class=\"rpi-slide grw-review\"><div class=\"rpi-flx rpi-col12 grw-review-inner grw-backgnd grw-round\"><div class=\"rpi-flx rpi-row12-center\"><div class=\"grw-img-wrap\"><img decoding=\"async\" class=\"grw-img\" src=\"http:\/\/demo2.richplugins.com\/wp-content\/uploads\/2026\/05\/ChIJpXC0ZYo5Yg0RAZD0Ml4kbz0_410b120fd0e47836d617923f979bb611.jpg\" loading=\"lazy\" alt=\"Alejandro profile picture\" width=\"50\" height=\"50\" onerror=\"if(this.src!='https:\/\/demo2.richplugins.com\/wp-content\/plugins\/trunk\/assets\/img\/guest.png')this.src='https:\/\/demo2.richplugins.com\/wp-content\/plugins\/trunk\/assets\/img\/guest.png';\" ><\/div><div class=\"rpi-flx rpi-col6\"><a href=\"https:\/\/www.google.com\/maps\/contrib\/105959324806912598096\/reviews\" class=\"wp-google-name\" target=\"_blank\" rel=\"nofollow noopener\">Alejandro<\/a><div class=\"wp-google-time\" data-time=\"1769979652\">21:00 01 Feb 26<\/div><\/div><\/div><span class=\"rpi-stars\" style=\"--rating:4\"><\/span><div class=\"rpi-flx rpi-col4\"><div class=\"wp-google-feedback grw-scroll\" ><span class=\"wp-google-text\">Mi amigo y yo pedimos la comida en el coche y fuimos atendidos por Naiara. Una chica maj\u00edsima que nos atendi\u00f3 de forma muy amable. La comida no est\u00e1 mal, pero muchas veces lo que hace que vuelvas a un sitio no es tanto la comida, sino trabajadoras tan alegres y amables como Naiara. \u00a1Gracias por tu trabajo!<\/span><\/div><\/div><svg height=\"16\" width=\"16\" role=\"none\"><use href=\"#grw-google\"\/><\/svg><\/div><\/div><div class=\"rpi-slide grw-review\"><div class=\"rpi-flx rpi-col12 grw-review-inner grw-backgnd grw-round\"><div class=\"rpi-flx rpi-row12-center\"><div class=\"grw-img-wrap\"><img decoding=\"async\" class=\"grw-img\" src=\"http:\/\/demo2.richplugins.com\/wp-content\/uploads\/2026\/05\/ChIJpXC0ZYo5Yg0RAZD0Ml4kbz0_295f62cd10c85a3e75e1c5323198321a.jpg\" loading=\"lazy\" alt=\"Viktoriia \u041ekulova profile picture\" width=\"50\" height=\"50\" onerror=\"if(this.src!='https:\/\/demo2.richplugins.com\/wp-content\/plugins\/trunk\/assets\/img\/guest.png')this.src='https:\/\/demo2.richplugins.com\/wp-content\/plugins\/trunk\/assets\/img\/guest.png';\" ><\/div><div class=\"rpi-flx rpi-col6\"><a href=\"https:\/\/www.google.com\/maps\/contrib\/104480450299411589897\/reviews\" class=\"wp-google-name\" target=\"_blank\" rel=\"nofollow noopener\">Viktoriia \u041ekulova<\/a><div class=\"wp-google-time\" data-time=\"1767036097\">19:21 29 Dec 25<\/div><\/div><\/div><span class=\"rpi-stars\" style=\"--rating:1\"><\/span><div class=\"rpi-flx rpi-col4\"><div class=\"wp-google-feedback grw-scroll\" ><span class=\"wp-google-text\">Llegamos a las 8:00 p. m. y la zona de arriba ya estaba cerrada. No entendemos por qu\u00e9 \u2014nos dijeron que a las 8:00 ya estaba todo limpio y lavado, y los ni\u00f1os no pod\u00edan jugar\u2014, pero aparecieron seis ni\u00f1os. No volver\u00e9 y les contar\u00e9 a todos c\u00f3mo funciona este lugar.<\/span><\/div><\/div><svg height=\"16\" width=\"16\" role=\"none\"><use href=\"#grw-google\"\/><\/svg><\/div><\/div><div class=\"rpi-slide grw-review\"><div class=\"rpi-flx rpi-col12 grw-review-inner grw-backgnd grw-round\"><div class=\"rpi-flx rpi-row12-center\"><div class=\"grw-img-wrap\"><img decoding=\"async\" class=\"grw-img\" src=\"http:\/\/demo2.richplugins.com\/wp-content\/uploads\/2026\/05\/ChIJpXC0ZYo5Yg0RAZD0Ml4kbz0_4b9a76e2d2f043e5963e441919bef798.jpg\" loading=\"lazy\" alt=\"Luis Manuel Quir\u00f3s Serna profile picture\" width=\"50\" height=\"50\" onerror=\"if(this.src!='https:\/\/demo2.richplugins.com\/wp-content\/plugins\/trunk\/assets\/img\/guest.png')this.src='https:\/\/demo2.richplugins.com\/wp-content\/plugins\/trunk\/assets\/img\/guest.png';\" ><\/div><div class=\"rpi-flx rpi-col6\"><a href=\"https:\/\/www.google.com\/maps\/contrib\/108644908609865730188\/reviews\" class=\"wp-google-name\" target=\"_blank\" rel=\"nofollow noopener\">Luis Manuel Quir\u00f3s Serna<\/a><div class=\"wp-google-time\" data-time=\"1756070158\">21:15 24 Aug 25<\/div><\/div><\/div><span class=\"rpi-stars\" style=\"--rating:1\"><\/span><div class=\"rpi-flx rpi-col4\"><div class=\"wp-google-feedback grw-scroll\" ><span class=\"wp-google-text\">De verg\u00fcenza lo de este sitio. La hamburguesa del men\u00fa chikillo es b\u00e1sicamente una tira de pollo de 1 dedo de gruesa entre dos panes de hamburguesa por solo 4.50\u20ac. He hablado con el encargado y me ha confirmado que no se trata de un error de cocina, que la hamburguesa del men\u00fa infantil es as\u00ed, una triste tira de pollo en un pan redondo. Adjunto fotograf\u00eda paea que juzguen por ustedes mismos.<\/span><\/div><\/div><svg height=\"16\" width=\"16\" role=\"none\"><use href=\"#grw-google\"\/><\/svg><\/div><\/div><div class=\"rpi-slide grw-review\"><div class=\"rpi-flx rpi-col12 grw-review-inner grw-backgnd grw-round\"><div class=\"rpi-flx rpi-row12-center\"><div class=\"grw-img-wrap\"><img decoding=\"async\" class=\"grw-img\" src=\"http:\/\/demo2.richplugins.com\/wp-content\/uploads\/2026\/05\/ChIJpXC0ZYo5Yg0RAZD0Ml4kbz0_eb214735f64d29ba8a19c6bdc1e78ebe.jpg\" loading=\"lazy\" alt=\"Shakil Ahmed profile picture\" width=\"50\" height=\"50\" onerror=\"if(this.src!='https:\/\/demo2.richplugins.com\/wp-content\/plugins\/trunk\/assets\/img\/guest.png')this.src='https:\/\/demo2.richplugins.com\/wp-content\/plugins\/trunk\/assets\/img\/guest.png';\" ><\/div><div class=\"rpi-flx rpi-col6\"><a href=\"https:\/\/www.google.com\/maps\/contrib\/117762381784807736877\/reviews\" class=\"wp-google-name\" target=\"_blank\" rel=\"nofollow noopener\">Shakil Ahmed<\/a><div class=\"wp-google-time\" data-time=\"1755218009\">00:33 15 Aug 25<\/div><\/div><\/div><span class=\"rpi-stars\" style=\"--rating:1\"><\/span><div class=\"rpi-flx rpi-col4\"><div class=\"wp-google-feedback grw-scroll\" ><span class=\"wp-google-text\">Mi experiencia en ese KFC SAN JUAN CINES ANA fue no solo negativa, sino inaceptable en varios aspectos<br \/>Adem\u00e1s de la espera excesiva 30 minutos,sin avisar para las piezas de pollo ademas me dan las patatas fr\u00edas y la negativa a cambiarlas, el turno mostr\u00f3 una actitud descort\u00e9s e insultante delante de otros clientes, y se neg\u00f3 a entregarte la hoja oficial de reclamaciones, incumpliendo la ley.<br \/>A esto se suma que el local estaba en condiciones higi\u00e9nicas deplorables:<br \/>Ba\u00f1os muy sucios.<br \/>Mesas llenas de basura.<br \/>Nadie recog\u00eda ni limpiaba.<br \/>Todo ello evidencia una falta total de formaci\u00f3n del personal, carencia de supervisi\u00f3n y ausencia de est\u00e1ndares b\u00e1sicos de limpieza y atenci\u00f3n al cliente.<br \/>Por esta experiencia, has decidido no volver y desaconsejas a otras personas acudir a este establecimiento.<\/span><\/div><\/div><svg height=\"16\" width=\"16\" role=\"none\"><use href=\"#grw-google\"\/><\/svg><\/div><\/div><\/div><button class=\"rpi-ltgt rpi-gt grw-next\" tabindex=\"0\"><\/button><div class=\"rpi-dots-wrap\"><div class=\"rpi-dots\"><\/div><\/div><\/div><\/div><\/div><script>(function(p){if(!p)return;let w=p.offsetWidth,m=function(a,b){return Math.min(a,b)===a};p.querySelector('.grw-row').classList.replace('grw-row-m','grw-row-'+(m(w,510)?'xs':m(w,750)?'x':m(w,1100)?'s':m(w,1450)?'m':m(w,1800)?'l':'xl'))})(document.currentScript?.parentElement)<\/script><\/div>\n\n\n\n<blockquote class=\"wp-block-quote is-layout-flow wp-block-quote-is-layout-flow\">\n<p>Hi there! I&#8217;m a bike messenger by day, aspiring actor by night, and this is my website. I live in Los Angeles, have a great dog named Jack, and I like pi\u00f1a coladas. (And gettin&#8217; caught in the rain.)<\/p>\n<\/blockquote>\n\n\n\n<p>&#8230;or something like this:<\/p>\n\n\n\n<blockquote class=\"wp-block-quote is-layout-flow wp-block-quote-is-layout-flow\">\n<p>The XYZ Doohickey Company was founded in 1971, and has been providing quality doohickeys to the public ever since. Located in Gotham City, XYZ employs over 2,000 people and does all kinds of awesome things for the Gotham community.<\/p>\n<\/blockquote>\n\n\n\n<p>As a new WordPress user, you should go to <a href=\"http:\/\/demo2.richplugins.com\/wp-admin\/\">your dashboard<\/a> to delete this page and create new pages for your content. Have fun!<\/p>\n","protected":false},"excerpt":{"rendered":"<p>This is an example page. It&#8217;s different from a blog post because it will stay in one place and will show up in your site navigation (in most themes). Most people start with an About page that introduces them to potential site visitors. It might say something like this: Hi there! I&#8217;m a bike messenger [&hellip;]<\/p>\n","protected":false},"author":1,"featured_media":0,"parent":0,"menu_order":0,"comment_status":"closed","ping_status":"open","template":"","meta":{"footnotes":""},"class_list":["post-2","page","type-page","status-publish","hentry"],"_links":{"self":[{"href":"https:\/\/demo2.richplugins.com\/index.php\/wp-json\/wp\/v2\/pages\/2","targetHints":{"allow":["GET"]}}],"collection":[{"href":"https:\/\/demo2.richplugins.com\/index.php\/wp-json\/wp\/v2\/pages"}],"about":[{"href":"https:\/\/demo2.richplugins.com\/index.php\/wp-json\/wp\/v2\/types\/page"}],"author":[{"embeddable":true,"href":"https:\/\/demo2.richplugins.com\/index.php\/wp-json\/wp\/v2\/users\/1"}],"replies":[{"embeddable":true,"href":"https:\/\/demo2.richplugins.com\/index.php\/wp-json\/wp\/v2\/comments?post=2"}],"version-history":[{"count":1,"href":"https:\/\/demo2.richplugins.com\/index.php\/wp-json\/wp\/v2\/pages\/2\/revisions"}],"predecessor-version":[{"id":17,"href":"https:\/\/demo2.richplugins.com\/index.php\/wp-json\/wp\/v2\/pages\/2\/revisions\/17"}],"wp:attachment":[{"href":"https:\/\/demo2.richplugins.com\/index.php\/wp-json\/wp\/v2\/media?parent=2"}],"curies":[{"name":"wp","href":"https:\/\/api.w.org\/{rel}","templated":true}]}}